et x be (6/(-9))/((-4)/1194). Suppose 0*b = -5*b - 3*t + x, -2*t - 146 = -v*b. List the prime factors of b.
2, 19
Let p(k) = k**3 - 11*k**2 - 15*k + 11. Let b be p(13). What are the prime factors of (b - -1) + 0 + (2 - -2)?
3, 53
Suppose 1690 = 3*l - 2*o, -3*l = 9*o - 14*o - 1678. List the prime factors of l.
2, 283
Let a = 33 + -32. What are the prime factors of 78 - a*(2 + -3)?
79
Let x be (11/(-1))/((-3)/192). Suppose x + 1516 = 5*t. List the prime factors of (-2)/(-15) - t/(-45).
2, 5
Let k(s) = -s**3 - 14*s**2 - 34*s - 34. List the prime factors of k(-15).
701
Let n(k) = k**3 + 4*k**2 + 23*k - 56. List the prime factors of n(9).
2, 7, 43
Suppose -5*b = -142 + 1352. Let q = -165 - b. List the prime factors of q.
7, 11
Suppose -k - 4 = -3*j - 13, 5*j + k = -23. What are the prime factors of (-1644)/(-12) - (j + (0 - -1))?
2, 5, 7
Let n(k) = -k**3 + 7*k**2 - 5*k + 3. Let w be n(5). Suppose -3*u + y + w = -46, -140 = -5*u + 5*y. Let h = 39 - u. What are the prime factors of h?
2
What are the prime factors of (20 - -1541) + -3 + -5?
1553
Let a(t) = -190*t - 939. List the prime factors of a(-8).
7, 83
Suppose 5*c + 4*z - 17528 = 0, -5*c + 5*z + 17531 = 8*z. What are the prime factors of c?
2, 877
Suppose 0 = -8*d + 713 + 5527. List the prime factors of d.
2, 3, 5, 13
Suppose 0 = -4*b + 3 + 1, -3*b = -5*z + 67. Suppose 0 = 5*k + 3*i - 56, -3*k + z = -3*i - 10. What are the prime factors of (k/(-4))/((-2)/4)?
5
Let k = 1769 - -2272. List the prime factors of k.
3, 449
Suppose 0 = 3*f + 132*q - 130*q - 4628, q = -2*f + 3085. List the prime factors of f.
2, 3, 257
Suppose 5*m - 1749 = -x, 3*m + 5*x - 671 = 374. What are the prime factors of m?
2, 5, 7
What are the prime factors of 2 + 0 - (-1432 + (-3)/(-1))?
3, 53
Let q(x) = x - 12. Let r be 1 + 10 - (2 - -1). Let y be q(r). Let d(s) = s**2 - 6*s + 2. What are the prime factors of d(y)?
2, 3, 7
What are the prime factors of (5/(-2) - -2)*(-35 - 591)?
313
Suppose -5*h = -h + 2*w - 150, -4*w = 5*h - 183. Suppose 99 = -3*c + h. Let v = c - -35. List the prime factors of v.
3, 5
Suppose -9 = -4*a + 4*m + 7, 2*m = -3*a + 17. Suppose -d = -a - 6. Suppose 2*y - 33 - d = 0. List the prime factors of y.
2, 11
Suppose -4*z - 202 = -v, 5*v - 4*z - 892 = 150. What are the prime factors of v?
2, 3, 5, 7
Let q be (-10)/(-25) - 69/(-15). Suppose 0 = q*x + 4*b - 417, -3*b = 3*x - 2*x - 90. What are the prime factors of x?
3
Suppose 10*t - 5*t = 10. Let d be 10/6*(t + -5). Let b(f) = f**3 + 5*f**2 - f + 1. What are the prime factors of b(d)?
2, 3
Let d(f) = -49*f - 286. What are the prime factors of d(-22)?
2, 3, 11
Suppose 4*o - 6 = 5*o - 4*t, 2*t = -4*o + 12. What are the prime factors of (-4382)/(-28) - 1/o?
2, 3, 13
Suppose 5*p - 18 = 2*p. Let b = -4 + p. Let m(s) = 9*s**2 + 2*s + 1. What are the prime factors of m(b)?
41
Let k(w) = -w**2 - 2*w - 6. Let n(r) = -2*r**2 - 4*r - 13. Let b(h) = 5*k(h) - 3*n(h). List the prime factors of b(-4).
17
Let h = 352 + 287. What are the prime factors of h?
3, 71
Let t(s) = -2*s**2 - 82*s + 15. What are the prime factors of t(-34)?
491
Suppose -q + 6 = 3*z, 2*q = -2*z - 0*q. Let k(s) = -4 + 1 - 3*s + z. List the prime factors of k(-1).
3
Suppose 0 = -0*d + d + i - 4, 3*i - 18 = -5*d. Suppose 4 = d*x - 140. List the prime factors of x.
2, 3
Suppose -4*c + 256 = 4*u, 2*u + 3*u = 4*c + 356. Let g = u + -32. What are the prime factors of g?
2, 3
Let v = 9 - 7. Suppose -20 = -4*y, 0 = v*n + 3*y + 31 - 74. List the prime factors of n.
2, 7
Let o be (-12 - -9)/(2/(-42)). Suppose -y - 5 = 0, 4*a - 2*y + y = -o. Let l = -6 - a. What are the prime factors of l?
11
Let p(u) = u**2 + 5*u**2 - 20 + 15 - 27. What are the prime factors of p(6)?
2, 23
Let v(g) = -68*g - 31. Let j(q) = -138*q - 62. Let y(f) = 4*j(f) - 9*v(f). What are the prime factors of y(3)?
211
Suppose -3*g + 1311 = 165. List the prime factors of g.
2, 191
Suppose -4*c + 5*k = 52, -2*c - 4*k - k = 56. List the prime factors of (-2025)/c + (-6)/4.
3, 37
Let w be 1 - -4 - (1 - 2). Suppose 3*g - w*g - 22 = -4*f, 2*f = 8. What are the prime factors of (-1)/g - (-60)/8?
2
Suppose 10 = 3*z - 2*f, 3*f + 8 = 2*z + f. What are the prime factors of 25*1 - (3 + 3 - z)?
3, 7
What are the prime factors of (-4034)/5*3*20/(-24)?
2017
Suppose -15*l + 1731 + 1809 = 0. List the prime factors of l.
2, 59
Let h(t) = 24*t - 4. Let w be h(21). Let o = w - 257. List the prime factors of o.
3
Suppose -z - j = -2, 3*j + 10 = -0*z + 5*z. Suppose -6*y - 3*o = -4*y - 189, 2*o + 194 = z*y. List the prime factors of y.
2, 3
Suppose 5*s = 6*s - 126. Let m be 34/14 + (-54)/s. Suppose -u + 40 = m*o, -u + 164 = 2*u - 5*o. List the prime factors of u.
2, 3
Let p(w) = -w + 27. Let f be p(22). List the prime factors of f + -5 + 84/2.
2, 3, 7
Suppose -5*x - 1701 = -4961. What are the prime factors of x?
2, 163
Let a = 14 - 22. Let l be a/(-10) - 7/(-35). What are the prime factors of l - (3 - 34)*1?
2
Let k(m) = -28*m - 24. Let v be k(-7). Suppose -4*j + 383 = 4*f + f, 2*j - v = 4*f. List the prime factors of j.
2, 23
Suppose -9*w - 10 = -11*w. Suppose -50 = -w*q + 4*q - 3*t, -5*q - t = -250. What are the prime factors of q?
2, 5
Let v be ((-45)/(-6))/((-2)/20). Let t = -29 - v. List the prime factors of t.
2, 23
Let a(c) = 3*c - 10. Let d be a(4). What are the prime factors of d + 17 - (1 - 2)?
2, 5
Let w(q) = 98*q - 132. List the prime factors of w(8).
2, 163
List the prime factors of (-1 - (-14)/8) + 585741/276.
11, 193
Let x(q) = q**3 - 15*q**2 + 16*q - 70. List the prime factors of x(17).
2, 3, 5, 13
Suppose 3*l - 16 = -l. Suppose -2*k = -8, 6*f + k - 118 = l*f. List the prime factors of f.
3, 19
Let f(d) = d**3 + 20*d**2 + 8*d - 46. What are the prime factors of f(-16)?
2, 5, 17
Let r = 3881 + -1787. What are the prime factors of r?
2, 3, 349
Suppose -10 = -5*z + 10. Suppose 71 = 2*h + 15. Suppose -z*s - 4 = -h. What are the prime factors of s?
2, 3
Let o(z) = 55*z**2 - 14*z - 39. What are the prime factors of o(-5)?
2, 19, 37
Suppose 5*s - 2*b = -5*b + 16, 2*s = -5*b - 5. Let c be s/(-2)*4/10. List the prime factors of (-14)/(-35)*(-115)/c.
2, 23
Suppose 13*l + 1973 = 14*l - 2*p, 0 = l + 3*p - 1988. List the prime factors of l.
1979
Let y = 10 - 13. Let r be y*2/(-6)*-1. What are the prime factors of (64/(-10))/(r/10)?
2
Suppose -137*j + 759 = -170*j. Let l(f) = 56*f**2 + f + 1. Let t be l(-1). Let u = t + j. What are the prime factors of u?
3, 11
What are the prime factors of ((-49830)/(-198))/(1/3)?
5, 151
Let n be 6/8*(-4 - 0). Let b be (2/n)/((-4)/6). Let k(v) = 17*v**3 + 1. What are the prime factors of k(b)?
2, 3
Suppose 3*c = -2*m + 839, -7*c - 831 = -2*m - 2*c. List the prime factors of m.
2, 11, 19
Let w be (-2 + -1 - -11) + -3. Let r(k) = -k**3 + 6*k**2 - 1. Let d be r(-4). Suppose 5*t = b + d, -w*t - b + 151 = -0*b. List the prime factors of t.
31
Let u be (-14)/(-6) - (-4)/6. Suppose 3*t = -4*r - r + 710, -426 = -u*r - 2*t. List the prime factors of (-3)/(r/(-68) + 2).
2, 17
Suppose 0 = -2*b - b - s + 32, -s + 5 = 0. Suppose -i + b = -96. List the prime factors of i.
3, 5, 7
Let s = 60 - 53. Let m be (0/1)/(10 + -8). Let o = s - m. List the prime factors of o.
7
Suppose -y + 2*t - 14 = -3*y, 2*y - 4*t = -10. Suppose -3*p - b + 2*b + 756 = 0, y*p - 5*b = 768. List the prime factors of p.
251
List the prime factors of (90 + -92)*2821/(-2).
7, 13, 31
Suppose -2658 = -0*r - 3*r. Suppose 5*s - 3*z = -1 + r, -531 = -3*s - 4*z. List the prime factors of s.
3, 59
List the prime factors of (36/(-57))/6 + 35268/38.
2, 29
Suppose -3*j - 1065 = -2979. List the prime factors of j.
2, 11, 29
Let g(b) be the third derivative of 29*b**4/6 + 7*b**3/6 - 13*b**2. List the prime factors of g(2).
239
Suppose 10 = 3*i + 1. Let a(b) = -2*b - b**2 - b - i*b. List the prime factors of a(-5).
5
Let q(g) = -79*g - 7. What are the prime factors of q(-5)?
2, 97
Let n(d) = 19*d - 37. Let m(v) = 10*v - 19. Let l(g) = 11*m(g) - 6*n(g). What are the prime factors of l(-16)?
7, 11
Let z(k) = -k**2 - 5*k + 4. Let c be z(-4). Suppose -4*r - 3*v + c = 0, -8 = -r - 3*r + 4*v. Suppose r*a - 6 = 2. What are the prime factors of a?
2
Let p = 43 - -130. What are the prime factors of p?
173
Let s be (-4)/18 - (-86)/(-18). List the prime factors of (-1)/2*(-199 + s).
2, 3, 17
